ase 13, what is 6853 + -25?
682b
In base 2, what is 1010101001100011111100 + -11?
1010101001100011111001
In base 10, what is -174 - 20?
-194
In base 3, what is -10012102100 + 0?
-10012102100
In base 13, what is -9 - -97?
8b
In base 14, what is -75 + -116?
-18b
In base 2, what is -11110110 - 11011001?
-111001111
In base 11, what is 21655 + 64?
21709
In base 6, what is -252430 + 10?
-252420
In base 16, what is -1f9 + -41?
-23a
In base 7, what is -42043 + 20?
-42023
In base 10, what is 6 + -8051?
-8045
In base 11, what is 99 + 388?
476
In base 13, what is -834c + 10?
-833c
In base 8, what is -444 + 51?
-373
In base 8, what is 176 + -472?
-274
In base 2, what is -1000 - 111100010010000110?
-111100010010001110
In base 15, what is 1 - 8a83a?
-8a839
In base 15, what is -3 - -c74?
c71
In base 16, what is 75e + -31?
72d
In base 3, what is 12 + -202110020?
-202110001
In base 16, what is 1 + bd0?
bd1
In base 8, what is -127732 + -2?
-127734
In base 14, what is 694 + -317?
37b
In base 5, what is -12 + -200214?
-200231
In base 3, what is 201000020 - 121020?
200102000
In base 12, what is 5b7 - 27b?
338
In base 2, what is -100 + 101100000000011001?
101100000000010101
In base 7, what is 5 + 2255363?
2255401
In base 14, what is 3 - 2a0a38?
-2a0a35
In base 9, what is 871 + 154?
1135
In base 16, what is 201eb - 4?
201e7
In base 13, what is -164 - 53a?
-6a1
In base 14, what is -5 + 16350?
16349
In base 11, what is 0 - 16543?
-16543
In base 2, what is -1110 + 11000001001010?
11000000111100
In base 16, what is 1 + 2198?
2199
In base 10, what is 2 + -604145?
-604143
In base 16, what is -360 + -1a?
-37a
In base 13, what is -51c3 + -2?
-51c5
In base 11, what is -1 + 5764?
5763
In base 10, what is -3 - -11620?
11617
In base 16, what is a68 - 13d?
92b
In base 5, what is 20342 + 11?
20403
In base 11, what is 2994 - 6?
2989
In base 5, what is -13010144 - 0?
-13010144
In base 14, what is -1 - 22dd2?
-22dd3
In base 2, what is 0 + -10001111111000011100?
-10001111111000011100
In base 9, what is -214 - 1200?
-1414
In base 14, what is 5 - 85409?
-85404
In base 15, what is -103 + 22?
-d1
In base 2, what is 1100100111111011 - 101?
1100100111110110
In base 10, what is -947 - 1?
-948
In base 3, what is 0 - -10201201?
10201201
In base 4, what is -11323 + 103?
-11220
In base 3, what is -1 - -10212010201?
10212010200
In base 3, what is 11210212021 + -200?
11210211121
In base 5, what is -320 - -1213?
343
In base 14, what is 1a9 + cb?
296
In base 9, what is 2307 - 227?
2070
In base 13, what is -313 + 925?
612
In base 3, what is 1 - -12012010?
12012011
In base 13, what is -2638 + -11?
-2649
In base 9, what is -183133 + -8?
-183142
In base 12, what is 5674 - 1?
5673
In base 9, what is 1155 - -120?
1275
In base 3, what is -20212 + 20021?
-121
In base 13, what is 3 - -53474?
53477
In base 4, what is -112211 - -133110?
20233
In base 14, what is 6b - -28?
95
In base 7, what is 2 + -325560?
-325555
In base 9, what is 16515 + 21?
16536
In base 8, what is -60105 - 4?
-60111
In base 15, what is 2 + -d06?
-d04
In base 13, what is -aa + 2741?
2664
In base 4, what is -22 - 3322130?
-3322212
In base 2, what is 10 - 110001011010?
-110001011000
In base 8, what is 24 - -3455?
3501
In base 16, what is 4 + 111e?
1122
In base 5, what is 33332 + -21?
33311
In base 12, what is a16429 + -4?
a16425
In base 3, what is -2202102220021 + -1?
-2202102220022
In base 2, what is 100011010100110 - -1011000?
100011011111110
In base 2, what is -10011 + -1001001011010?
-1001001101101
In base 15, what is -83 - 58c?
-620
In base 11, what is -32589 + 4?
-32585
In base 10, what is -295 + -495?
-790
In base 16, what is 1 + 1c75?
1c76
In base 8, what is -416 - 1?
-417
In base 10, what is -73289 + -1?
-73290
In base 9, what is 7637 + -3?
7634
In base 13, what is a408 + 4?
a40c
In base 7, what is 1056 - 266?
460
In base 8, what is 1 + 52724?
52725
In base 9, what is 671 + -260?
411
In base 12, what is -1b313b + 7?
-1b3134
In base 10, what is -35385 - 2?
-35387
In base 3, what is 1222111 + 11?
1222122
In base 10, what is -1 - -198567?
198566
In base 11, what is -1486 + -2?
-1488
In base 10, what is -4 - -122642?
122638
In base 9, what is -20 + 68070?
68050
In base 3, what is 10 + 1021022020?
1021022100
In base 3, what is 12 - 1222101212?
-1222101200
In base 15, what is -6ad8d - 4?
-6ad92
In base 11, what is -5 - 97a175?
-97a17a
In base 9, what is 330 + -46148?
-45718
In base 13, what is 66 + -bb?
-55
In base 8, what is -3 - 5221477?
-5221502
In base 10, what is 1 - 6167?
-6166
In base 7, what is -61232 - 16?
-61251
In base 6, what is 4 + -1200051?
-1200043
In base 14, what is 1 + -121c1?
-121c0
In base 9, what is 7644 - 80?
7554
In base 11, what is -129a - 148?
-1437
In base 6, what is 14 + 23512?
23530
In base 11, what is -2893 + -3?
-2896
In base 8, what is -104341 - 5?
-104346
In base 12, what is -b + 1624b?
16240
In base 4, what is 1 - -1131001?
1131002
In base 15, what is 141b + -27?
13e4
In base 11, what is 12469 - -47?
12505
In base 15, what is d686 - -e?
d695
In base 8, what is 4567256 + 0?
4567256
In base 11, what is -31 - 275?
-2a6
In base 13, what is 45 - -673?
6b8
In base 12, what is -280 - -250?
-30
In base 12, what is -178 + 649?
491
In base 5, what is 400141223 - 0?
400141223
In base 14, what is -5 - -143b31?
143b2a
In base 9, what is -738 - -37?
-701
In base 9, what is 43 - 5178?
-5135
In base 14, what is 1 - -29d?
2a0
In base 12, what is -5 - -79aa?
79a5
In base 8, what is -7 + -133626?
-133635
In base 4, what is 122010 + 12010?
200020
In base 2, what is 10 - 110001011001010?
-110001011001000
In base 7, what is -22 - -52302?
52250
In base 16, what is -a - 47f9?
-4803
In base 9, what is 104781 + 1?
104782
In base 14, what is 3 + 3869c8?
3869cb
In base 6, what is -1054245 + 11?
-1054234
In base 14, what is -47676 + -3?
-47679
In base 2, what is -10100000010100110 + 1010?
-10100000010011100
In base 7, what is -663422 + 4?
-663415
In base 6, what is -205214 - 1?
-205215
In base 16, what is -1 - -2b02?
2b01
In base 13, what is -6 + -ba7?
-bb0
In base 7, what is 14 + 1323?
1340
In base 16, what is -104 - 11a?
-21e
In base 11, what is 3a + -1342?
-1303
In base 4, what is -2300313 - 101?
-2301020
In base 7, what is 5 + -24021?
-24013
In base 8, what is -542 + -271?
-1033
In base 3, what is 11 - -1011210222220?
1011211000001
In base 2, what is -11 - -1011100100001000?
1011100100000101
In base 6, what is 4 + 151511?
151515
In base 7, what is -5 - -2636230?
2636222
In base 3, what is -102022021000 - -2?
-102022020221
In base 2, what is 100001000110011011010 + 10?
100001000110011011100
In base 7, what is -4 - -20000?
16663
In base 15, what is 18bdd + 5?
18be3
In base 10, what is 390 - -27?
417
In base 5, what is 1332332 - 10?
1332322
In base 16, what is 72d - e5?
648
In base 5, what is 10 + -1000324?
-1000314
In base 3, what is 10 + 110210022010?
110210022020
In base 14, what is -237 - -3?
-234
In base 5, what is -1 - 4421134?
-4421140
In base 3, what is -12 - -2110200120?
2110200101
In base 3, what is 10101221 - 101?
10101120
In base 8, what is -326 + -4767?
-5315
In base 4, what is -1 - 1032013?
-1032020
In base 13, what is 2 - -c?
11
In base 4, what is 1 + -12330023?
-12330022
In base 9, what is 126 + 326?
453
In base 4, what is -131120320 - 11?
-131120331
In base 13, what is 6 + -a038?
-a032
In base 12, what is 21 + 4969?
498a
In base 16, what is 339b - -47?
33e2
In base 16, what is -3105f + -4?
-31063
In base 10, what is -34373 - -59?
-34314
In base 6, what is -151433011 - 3?
-151433014
In base 13, what is 3 - -79116?
79119
In base 10, what is 137 - -221?
358
In base 4, what is -222021 + 300?
-221121
In base 6, what is 211000102 + -1?
211000101
In base 3, what is 21112021 + -1220?
21110101
In base 10, what is -4 - -72180?
72176
In base 3, what is 100110012010 - -11?
100110012021
In base 2, what is 10001010010 - 1100?
10001000110
In base 14, what is -dc73 - b?
-dc80
In base 13, what is 40b - -5?
413
In base 12, what is 47 + -50b?
-484
In base 13, what is ca4 + 15?
cb9
In base 6, what is -41333210 + -2?
-41333212
In base 16, what is -b + 5d14?
5d09
In base 12, what is 23199 - 47?
23152
In base 2, what is 10 - -1011011100111?
1011011101001
In base 9, what is 10777 + 4?
10782
In base 5, what is 11431 + 3310?
20241
In ba